{"id":432,"date":"2017-12-16T14:40:09","date_gmt":"2017-12-16T14:40:09","guid":{"rendered":"http:\/\/www.siam-arcon.com.ar\/english\/?page_id=432"},"modified":"2018-02-23T16:12:21","modified_gmt":"2018-02-23T16:12:21","slug":"company-2","status":"publish","type":"page","link":"https:\/\/www.siam-arcon.com.ar\/english\/company-2\/","title":{"rendered":"Company"},"content":{"rendered":"<p><section class=\"kc-elm kc-css-451885 kc_row\"><div class=\"kc-row-container  kc-container\"><div class=\"kc-wrap-columns\"><div class=\"kc-elm kc-css-671758 kc_col-sm-6 kc_column kc_col-sm-6\"><div class=\"kc-col-container\"><div class=\"kc-elm kc-css-331816 kc_box_wrap \"><div class=\"sec-title\"><div class=\"one-one\"><h1>SIAM-ARCON<\/h1><span class=\"border\"><\/span><\/div><\/div><div class=\"row\"><div class=\"one-one\"><p>We are a National Argentine Company recognized in the oil market with more than 45 years that we are dedicated to the manufacture and design of Embolo Diver Pumps of Single and Double effect from 30 to 300 HP, with their respective original spare parts located in Buenos Aires.<br> We have Operational Bases in the Province of Neuqu\u00e9n and Chubut supplying the Basin Operators.<\/p><p>The <strong>SIAM-ARCON<\/strong> Alternative Pumps are manufactured following the guidelines of the Standards:<\/p><p>\u2022 API 674<\/p><p>\u2022 SAE<\/p><p>\u2022 ASTM<\/p><p>\u2022 AISI<\/p><p>\u2022 NACE<\/p><p>\u2022 WS<\/p><p>\u2022 ISO 9001, Versi\u00f3n 2008<\/p><div>&nbsp;<\/div><\/div><\/div><\/div><\/div><\/div><div class=\"kc-elm kc-css-12348 kc_col-sm-6 kc_column kc_col-sm-6\"><div class=\"kc-col-container\"><div class=\"kc-elm kc-css-332975 kc_box_wrap \"><div class=\"sec-title\"><div class=\"one-one\"><h1>SIAM-ARCON Alternative Pump<\/h1><span class=\"border\"><\/span><\/div><\/div><div class=\"row\"><div class=\"one-one\"><p>The <strong>SIAM-ARCON<\/strong> <strong>Alternative Pump<\/strong> has a wide variety of applications in oil wells, oil pipelines, oil service companies and industries that require continuous pumping.<br> The main applications are:<\/p><p>\u2022 Motor Oil Injection in hydraulic pumping systems.<\/p><p>\u2022 Sewage pumping.<\/p><p>\u2022 Water injection in secondary recovery system.<\/p><p>\u2022 Crude Oil Pumping in oil pipelines.<\/p><p>\u2022 Polymer Injection for Tertiary recovery.<\/p><p>\u2022 Injection of Chemical Products.<\/p><p>\u2022 On truck for oil services.<\/p><p><strong>SIAM-ARCON<\/strong>, has a wide experience and knowledge about pumping systems. As a provider of capital goods and after-sales services, our goal is to provide our customers with effective and quality solutions. We constantly seek to improve and adapt to the local and international procedures of the oil sector with new demands.<\/p><\/div><\/div><\/div><\/div><\/div><\/div><\/div><\/section><section class=\"kc-elm kc-css-608584 kc_row\"><div class=\"kc-row-container  kc-container\"><div class=\"kc-wrap-columns\"><div class=\"kc-elm kc-css-3111 kc_col-sm-12 kc_column kc_col-sm-12\"><div class=\"kc-col-container\"><div class=\"kc-elm kc-css-43335 kc-raw-code\"><div class=\"row bottom\">\r\n            <!--Start single item-->\r\n            <div class=\"col-md-6\">\r\n                <div class=\"single-item hvr-wobble-horizontal\">\r\n                    <div class=\"img-holder\">\r\n                        <img src=\"http:\/\/www.siam-arcon.com.ar\/wp-content\/uploads\/2017\/12\/siam-arcon-empresa.jpg\" alt=\"Awesome Image\">\r\n                    <\/div>\r\n                    <div class=\"text-holder\">\r\n                        <h3>Management<\/h3>\r\n                        <p>The success of our efforts is based on our commitment to quality and our experience<\/p>\r\n                    <\/div>\r\n                <\/div>\r\n            <\/div>\r\n            <!--End single item-->\r\n            <!--Start single item-->\r\n            <div class=\"col-md-6\">\r\n                <div class=\"single-item hvr-wobble-horizontal\">\r\n                    <div class=\"img-holder\">\r\n                        <img src=\"http:\/\/www.siam-arcon.com.ar\/wp-content\/uploads\/2017\/12\/siam-arcon-empresa-trabajando.jpg\" alt=\"Awesome Image\">\r\n                    <\/div>\r\n                    <div class=\"text-holder\">\r\n                        <h3>Leadership<\/h3>\r\n                        <p>Our leadership lies in the knowledge and commitment to our customers, trying to exceed expectations<\/p>\r\n                    <\/div>\r\n                <\/div>\r\n            <\/div>\r\n            <!--End single item-->\r\n        <\/div>\r\n    <\/div><\/div><\/div><\/div><\/div><\/div><\/section><section class=\"kc-elm kc-css-635574 kc_row\"><div class=\"kc-row-container  kc-container\"><div class=\"kc-wrap-columns\"><div class=\"kc-elm kc-css-705475 kc_col-sm-12 kc_column kc_col-sm-12\"><div class=\"kc-col-container\"><!--Start about company area--> \n<section class=\"about-company-area\">\n    <div class=\"container\">\n        <div class=\"sec-title\">\n            <h1>Siam Arcon<\/h1>\n            <span class=\"border\"><\/span>\n        <\/div>\n        <div class=\"row\">\n            <div class=\"col-md-6\">\n                <div class=\"img-holder\">\n                    <img src=\"http:\/\/www.siam-arcon.com.ar\/wp-content\/uploads\/2017\/12\/siam-arcon-administracion.jpg\" alt=\"Awesome Image\">\n                <\/div>\n            <\/div>\n            <div class=\"col-md-6\">\n                <div class=\"text-holder\">\n                    <p>Metal\u00fargica Siam S.A. lidera el mercado nacional fabricando y comercializando Bombas Alternativas de Simple Efecto para la Industria Petrolera. Reconocida por la alta Calidad de sus productos, estamos presentes en Sudam\u00e9rica y en constante expansi\u00f3n.<\/p>\n                    <div class=\"title\">\n                        <h3>Hace m\u00e1s de 40 a\u00f1os...<\/h3>\n                    <\/div>\n                    <p>La Compa\u00f1\u00eda est\u00e1 situada en el partido de Avellaneda, Provincia de Buenos Aires y dispone de dos Bases operativas, en Comodoro Rivadavia, Chubut, y en el parque Industrial de Neuqu\u00e9n, manteniendo un amplio stock de repuestos permanente, asistencia t\u00e9cnica, cursos de capacitaci\u00f3n y reparaci\u00f3n de equipos.<\/p>\n                    <ul>\n                        \t\t\t\t\t\t                            <li><i class=\"fa fa-check\" aria-hidden=\"true\"><\/i>Confiabilidad\r<\/li>\n                                                    <li><i class=\"fa fa-check\" aria-hidden=\"true\"><\/i>Prestigio\r<\/li>\n                                                    <li><i class=\"fa fa-check\" aria-hidden=\"true\"><\/i>Compromiso\r<\/li>\n                                                    <li><i class=\"fa fa-check\" aria-hidden=\"true\"><\/i>Alta calidad<\/li>\n                                            <\/ul>\n                <\/div>   \n            <\/div>\n        <\/div>\n        <div class=\"row bottom\">\n            <!--Start single item-->\n            <div class=\"col-md-6\">\n                <div class=\"single-item hvr-wobble-horizontal\">\n                    <div class=\"img-holder\">\n                        <img src=\"http:\/\/www.siam-arcon.com.ar\/wp-content\/uploads\/2017\/12\/siam-arcon-empresa.jpg\" alt=\"Awesome Image\">\n                    <\/div>\n                    <div class=\"text-holder\">\n                        <h3>Gesti\u00f3n<\/h3>\n                        <p>El \u00e9xito de nuestras gestiones es fundamentada en el compromiso que mantenemos con la calidad y nuestra experiencia<\/p>\n                    <\/div>\n                <\/div>\n            <\/div>\n            <!--End single item-->\n            <!--Start single item-->\n            <div class=\"col-md-6\">\n                <div class=\"single-item hvr-wobble-horizontal\">\n                    <div class=\"img-holder\">\n                        <img src=\"http:\/\/www.siam-arcon.com.ar\/wp-content\/uploads\/2017\/12\/siam-arcon-empresa-trabajando.jpg\" alt=\"Awesome Image\">\n                    <\/div>\n                    <div class=\"text-holder\">\n                        <h3>Liderazgo<\/h3>\n                        <p>Nuestro liderazgo yace en el conocimiento y compromiso con nuestros clientes, tratando de superar las expectativas<\/p>\n                    <\/div>\n                <\/div>\n            <\/div>\n            <!--End single item-->\n        <\/div>\n    <\/div>\n<\/section>    \n<!--End about company area--><\/div><\/div><\/div><\/div><\/section><\/p>\n","protected":false},"excerpt":{"rendered":"","protected":false},"author":1,"featured_media":0,"parent":0,"menu_order":0,"comment_status":"closed","ping_status":"closed","template":"tpl-king_composer.php","meta":[],"_links":{"self":[{"href":"https:\/\/www.siam-arcon.com.ar\/english\/wp-json\/wp\/v2\/pages\/432"}],"collection":[{"href":"https:\/\/www.siam-arcon.com.ar\/english\/wp-json\/wp\/v2\/pages"}],"about":[{"href":"https:\/\/www.siam-arcon.com.ar\/english\/wp-json\/wp\/v2\/types\/page"}],"author":[{"embeddable":true,"href":"https:\/\/www.siam-arcon.com.ar\/english\/wp-json\/wp\/v2\/users\/1"}],"replies":[{"embeddable":true,"href":"https:\/\/www.siam-arcon.com.ar\/english\/wp-json\/wp\/v2\/comments?post=432"}],"version-history":[{"count":16,"href":"https:\/\/www.siam-arcon.com.ar\/english\/wp-json\/wp\/v2\/pages\/432\/revisions"}],"predecessor-version":[{"id":1318,"href":"https:\/\/www.siam-arcon.com.ar\/english\/wp-json\/wp\/v2\/pages\/432\/revisions\/1318"}],"wp:attachment":[{"href":"https:\/\/www.siam-arcon.com.ar\/english\/wp-json\/wp\/v2\/media?parent=432"}],"curies":[{"name":"wp","href":"https:\/\/api.w.org\/{rel}","templated":true}]}}